{"id":6,"date":"2022-10-18T06:40:57","date_gmt":"2022-10-18T06:40:57","guid":{"rendered":"http:\/\/localhost\/sapid-leather\/www\/?page_id=6"},"modified":"2026-02-17T11:49:08","modified_gmt":"2026-02-17T14:49:08","slug":"sobre_nos","status":"publish","type":"page","link":"https:\/\/pmgfestas.com.br\/home\/sobre_nos\/","title":{"rendered":"Sobre n\u00f3s"},"content":{"rendered":"\t\t<div data-elementor-type=\"wp-page\" data-elementor-id=\"6\" class=\"elementor elementor-6\">\n\t\t\t\t<div class=\"elementor-element elementor-element-1e923e24 e-flex e-con-boxed e-con e-parent\" data-id=\"1e923e24\" data-element_type=\"container\" data-e-type=\"container\">\n\t\t\t\t\t<div class=\"e-con-inner\">\n\t\t\t\t<div class=\"elementor-element elementor-element-1d8eaa0 elementor-widget elementor-widget-text-editor\" data-id=\"1d8eaa0\" data-element_type=\"widget\" data-e-type=\"widget\" data-widget_type=\"text-editor.default\">\n\t\t\t\t\t\t\t\t\t<p>A&nbsp;<b>PMG Embalagens foca exclusivamente no segmento de embalagens de mat\u00e9ria prima de papel cartonado,<\/b> alinhando as exig\u00eancias do mercado com um produto sustent\u00e1vel.<\/p>\n<p>Entre&nbsp;2019 e 2021&nbsp;a linha PMG passou por an\u00e1lises t\u00e9cnicas realizadas pela&nbsp;<b>SGS Brasil \u2013 Anvisa&nbsp;<\/b>possuindo&nbsp;laudo aliment\u00edcio&nbsp;positivo para embalagens no segmento aliment\u00edcio<\/p>\n<p>Mesmo com o mercado com predomin\u00e2ncia de embalagem com mat\u00e9rias prima pl\u00e1stica e isopor.<\/p>\n<p><\/p>\n<p>Atuamos nos <b>segmentos de&nbsp;Confeitaria, Restaurantes e Panificadoras<\/b>,&nbsp;combinando design exclusivo, inova\u00e7\u00e3o em cada detalhe.<\/p>\n<p>Nosso objetivo \u00e9 oferecer embalagens de qualidade que v\u00e3o al\u00e9m de parcerias s\u00f3lidas dos neg\u00f3cios em todo o Brasil, proporcionando produtos que otimizam recursos, agregam valor e encantam. O que oferecemos?<\/p>\n<p><b>Linha padr\u00e3o&nbsp;com mais de&nbsp;485 itens&nbsp;<\/b>\u2013 pronta entrega em todo Brasil.<br>Sustentabilidade e inova\u00e7\u00e3o&nbsp;\u2013embalagens certificadas, confeccionadas com papel de qualidade e compromisso ambiental.<\/p>\n<p><strong>Nossa hist\u00f3ria<\/strong><\/p>\n<p><b>Criada em 2019,<\/b> a PMG \u00e9 lan\u00e7ada no mercado pela empresa Panorama Embalagens com mais de 45 anos de mercado confeccionando as mais sofisticadas embalagens decide investir em um novo nicho relacionado a alimentos.<\/p>\n<p>Assim criou-se uma linha de <b>Embalagens focada em&nbsp;Delivery e Fastfood.<\/b><br>Com a chegada inesperada da&nbsp;Covid-19&nbsp;e milhares de estabelecimentos fechados a&nbsp;PMG Embalagens se tornou uma das principais fornecedoras de embalagens Delivery para lojistas de todo o Brasil.<\/p>\n<p>Mesmo com o mercado com predomin\u00e2ncia de embalagem com mat\u00e9rias prima pl\u00e1stica e isopor.<\/p>\t\t\t\t\t\t\t\t<\/div>\n\t\t\t\t\t<\/div>\n\t\t\t\t<\/div>\n\t\t\t\t<\/div>\n\t\t","protected":false},"excerpt":{"rendered":"<p>A&nbsp;PMG Embalagens foca exclusivamente no segmento de embalagens de mat\u00e9ria <a class=\"text-dblue-sub f-w\" href=\"https:\/\/pmgfestas.com.br\/home\/sobre_nos\/\">&#8220;Read More&#8221;<\/a><\/p>\n","protected":false},"author":1,"featured_media":0,"parent":0,"menu_order":0,"comment_status":"closed","ping_status":"closed","template":"","meta":{"footnotes":""},"class_list":["post-6","page","type-page","status-publish","hentry"],"_links":{"self":[{"href":"https:\/\/pmgfestas.com.br\/home\/wp-json\/wp\/v2\/pages\/6","targetHints":{"allow":["GET"]}}],"collection":[{"href":"https:\/\/pmgfestas.com.br\/home\/wp-json\/wp\/v2\/pages"}],"about":[{"href":"https:\/\/pmgfestas.com.br\/home\/wp-json\/wp\/v2\/types\/page"}],"author":[{"embeddable":true,"href":"https:\/\/pmgfestas.com.br\/home\/wp-json\/wp\/v2\/users\/1"}],"replies":[{"embeddable":true,"href":"https:\/\/pmgfestas.com.br\/home\/wp-json\/wp\/v2\/comments?post=6"}],"version-history":[{"count":26,"href":"https:\/\/pmgfestas.com.br\/home\/wp-json\/wp\/v2\/pages\/6\/revisions"}],"predecessor-version":[{"id":1932,"href":"https:\/\/pmgfestas.com.br\/home\/wp-json\/wp\/v2\/pages\/6\/revisions\/1932"}],"wp:attachment":[{"href":"https:\/\/pmgfestas.com.br\/home\/wp-json\/wp\/v2\/media?parent=6"}],"curies":[{"name":"wp","href":"https:\/\/api.w.org\/{rel}","templated":true}]}}